s divided by 46.
45
Calculate the remainder when 4896 is divided by 14.
10
What is the remainder when 462 is divided by 52?
46
What is the remainder when 1527 is divided by 170?
167
What is the remainder when 239 is divided by 70?
29
Calculate the remainder when 3420 is divided by 1709.
2
Calculate the remainder when 759 is divided by 127.
124
Calculate the remainder when 2039 is divided by 880.
279
Calculate the remainder when 181 is divided by 8.
5
What is the remainder when 480 is divided by 31?
15
What is the remainder when 147 is divided by 30?
27
Calculate the remainder when 168 is divided by 17.
15
Calculate the remainder when 15112 is divided by 22.
20
Calculate the remainder when 457 is divided by 77.
72
What is the remainder when 1476 is divided by 78?
72
What is the remainder when 74 is divided by 50?
24
What is the remainder when 93 is divided by 24?
21
Calculate the remainder when 241 is divided by 27.
25
Calculate the remainder when 26 is divided by 8.
2
What is the remainder when 1625 is divided by 1595?
30
Calculate the remainder when 201 is divided by 17.
14
Calculate the remainder when 1537 is divided by 14.
11
What is the remainder when 112 is divided by 30?
22
What is the remainder when 1103 is divided by 89?
35
Calculate the remainder when 277 is divided by 35.
32
What is the remainder when 299 is divided by 109?
81
Calculate the remainder when 46 is divided by 32.
14
What is the remainder when 28 is divided by 15?
13
What is the remainder when 1002 is divided by 24?
18
Calculate the remainder when 149 is divided by 16.
5
Calculate the remainder when 105 is divided by 29.
18
Calculate the remainder when 1726 is divided by 32.
30
Calculate the remainder when 39 is divided by 24.
15
What is the remainder when 914 is divided by 338?
238
What is the remainder when 3375 is divided by 89?
82
What is the remainder when 1250 is divided by 262?
202
Calculate the remainder when 4555 is divided by 1131.
31
What is the remainder when 1503 is divided by 33?
18
What is the remainder when 5532 is divided by 11?
10
What is the remainder when 518 is divided by 87?
83
What is the remainder when 185 is divided by 44?
9
What is the remainder when 528 is divided by 49?
38
Calculate the remainder when 3520 is divided by 11.
0
What is the remainder when 90 is divided by 12?
6
What is the remainder when 1491 is divided by 38?
9
What is the remainder when 156 is divided by 21?
9
What is the remainder when 149 is divided by 45?
14
What is the remainder when 489 is divided by 247?
242
What is the remainder when 336 is divided by 127?
82
What is the remainder when 644 is divided by 62?
24
Calculate the remainder when 1653 is divided by 83.
76
Calculate the remainder when 622 is divided by 21.
13
Calculate the remainder when 378 is divided by 369.
9
What is the remainder when 105 is divided by 27?
24
What is the remainder when 775 is divided by 36?
19
What is the remainder when 261 is divided by 22?
19
Calculate the remainder when 23712 is divided by 85.
82
Calculate the remainder when 119 is divided by 18.
11
What is the remainder when 54 is divided by 19?
16
What is the remainder when 85 is divided by 43?
42
Calculate the remainder when 18043 is divided by 347.
346
Calculate the remainder when 69 is divided by 7.
6
What is the remainder when 494 is divided by 37?
13
Calculate the remainder when 28940 is divided by 33.
32
Calculate the remainder when 2794 is divided by 175.
169
What is the remainder when 167 is divided by 6?
5
Calculate the remainder when 660 is divided by 35.
30
What is the remainder when 254 is divided by 92?
70
What is the remainder when 1054 is divided by 33?
31
Calculate the remainder when 2899 is divided by 22.
17
What is the remainder when 8987 is divided by 84?
83
What is the remainder when 230 is divided by 54?
14
What is the remainder when 14 is divided by 13?
1
Calculate the remainder when 43 is divided by 14.
1
Calculate the remainder when 205 is divided by 14.
9
Calculate the remainder when 198 is divided by 8.
6
Calculate the remainder when 4122 is divided by 75.
72
What is the remainder when 658 is divided by 82?
2
Calculate the remainder when 947 is divided by 89.
57
Calculate the remainder when 144 is divided by 135.
9
Calculate the remainder when 103 is divided by 21.
19
What is the remainder when 395 is divided by 106?
77
Calculate the remainder when 237 is divided by 40.
37
Calculate the remainder when 291 is divided by 11.
5
What is the remainder when 65 is divided by 46?
19
Calculate the remainder when 33 is divided by 28.
5
What is the remainder when 77 is divided by 34?
9
Calculate the remainder when 6425 is divided by 9.
8
Calculate the remainder when 1236 is divided by 69.
63
What is the remainder when 10970 is divided by 6?
2
What is the remainder when 470 is divided by 59?
57
Calculate the remainder when 621 is divided by 12.
9
Calculate the remainder when 1176 is divided by 66.
54
What is the remainder when 767 is divided by 163?
115
What is the remainder when 355 is divided by 89?
88
Calculate the remainder when 849 is divided by 122.
117
Calculate the remainder when 191 is divided by 16.
15
What is the remainder when 3857 is divided by 41?
3
What is the remainder when 5343 is divided by 18?
15
Calculate the remainder when 2022 is divided by 27.
24
Calculate the remainder when 734 is divided by 105.
104
Calculate the remainder when 129 is divided by 13.
12
Calculate the remainder when 635 is divided by 349.
286
Calculate the remainder when 362 is divided by 65.
37
What is the remainder when 389 is divided by 37?
19
Calculate the remainder when 743 is divided by 289.
165
Calculate the remainder when 245 is divided by 25.
20
Calculate the remainder when 21 is divided by 1.
0
Calculate the remainder when 3865 is divided by 299.
277
Calculate the remainder when 18890 is divided by 282.
278
Calculate the remainder when 5125 is divided by 17.
8
What is the remainder when 604 is divided by 22?
10
What is the remainder when 353 is divided by 346?
7
Calculate the remainder when 1523 is divided by 61.
59
Calculate the remainder when 357 is divided by 94.
75
Calculate the remainder when 2946 is divided by 10.
6
Calculate the remainder when 3536 is divided by 122.
120
Calculate the remainder when 699 is divided by 226.
21
What is the remainder when 224 is divided by 5?
4
What is the remainder when 877 is divided by 40?
37
Calculate the remainder when 3450 is divided by 144.
138
What is the remainder when 291 is divided by 60?
51
What is the remainder when 1798 is divided by 8?
6
What is the remainder when 9435 is divided by 236?
231
What is the remainder when 162 is divided by 8?
2
What is the remainder when 275 is divided by 48?
35
What is the remainder when 25330 is divided by 47?
44
What is the remainder when 1651 is divided by 36?
31
What is the remainder when 1120 is divided by 22?
20
What is the remainder when 3950 is divided by 40?
30
Calculate the remainder when 555 is divided by 40.
35
What is the remainder when 121 is divided by 118?
3
Calculate the remainder when 4009 is divided by 23.
7
What is the remainder when 345 is divided by 22?
15
What is the remainder when 213 is divided by 6?
3
Calculate the remainder when 778 is divided by 28.
22
What is the remainder when 97 is divided by 15?
7
What is the remainder when 578 is divided by 63?
11
What is the remainder when 909 is divided by 64?
13
Calculate the remainder when 55 is divided by 21.
13
What is the remainder when 161 is divided by 81?
80
What is the remainder when 215 is divided by 75?
65
Calculate the remainder when 311 is divided by 64.
55
What is the remainder when 188 is divided by 19?
17
What is the remainder when 953 is divided by 5?
3
What is the remainder when 82 is divided by 17?
14
What is the remainder when 19470 is divided by 6485?
15
What is the remainder when 105 is divided by 36?
33
What is the remainder when 253 is divided by 45?
28
What is the remainder when 34 is divided by 32?
2
Calculate the remainder when 545 is divided by 14.
13
What is the remainder when 132 is divided by 35?
27
Calculate the remainder when 297 is divided by 57.
12
Calculate the remainder when 128 is divided by 59.
10
Calculate the remainder when 154 is 